1
What is -12330 (base 4) in base 8?
-674
-2321 (base 5) to base 4
-11100
What is -35334 (base 6) in base 3?
-20222211
Convert -1338 (base 11) to base 5.
-23420
Convert -638a (base 15) to base 5.
-1133210
Convert 314a (base 16) to base 3.
122022100
232212 (base 4) to base 12
1886
Convert -2688 (base 12) to base 3.
-20001212
What is 109a6 (base 15) in base 11?
36746
Convert 120230 (base 4) to base 9.
2145
What is 1011011010011 (base 2) in base 5?
141333
1ae5 (base 16) to base 4
1223211
What is -1100222002 (base 3) in base 5?
-1330243
What is -30134 (base 5) in base 2?
-11101111111
What is 40242 (base 9) in base 8?
63514
23472 (base 8) to base 4
2130322
What is -2020 (base 4) in base 14?
-9a
19e8 (base 16) to base 15
1e72
-10223 (base 4) to base 5
-2144
Convert 445 (base 11) to base 2.
1000010101
What is 21311 (base 5) in base 6?
10424
Convert -1343 (base 13) to base 16.
-ac7
Convert 50425 (base 6) to base 7.
25235
Convert -124 (base 16) to base 15.
-147
Convert -1175 (base 9) to base 7.
-2363
Convert -111220 (base 4) to base 2.
-10101101000
What is 1221002122 (base 3) in base 4?
21101123
What is -25604 (base 7) in base 3?
-100100102
Convert -10110 (base 3) to base 12.
-79
Convert 203 (base 4) to base 16.
23
Convert -2221000 (base 4) to base 9.
-15747
Convert 5890 (base 11) to base 5.
221342
3455 (base 7) to base 9
1655
What is 3a4 (base 13) in base 11?
533
22041 (base 5) to base 8
2761
33530 (base 6) to base 7
16542
What is -403 (base 12) in base 15?
-289
-12012 (base 3) to base 11
-118
Convert -11210210 (base 4) to base 2.
-101100100100100
What is -5073 (base 10) in base 3?
-20221220
-135b (base 16) to base 10
-4955
What is b94 (base 13) in base 2?
11110111100
-1190a (base 13) to base 16
-7e21
What is 68 (base 11) in base 13?
59
1338 (base 9) to base 14
51d
-42426 (base 7) to base 4
-2210022
1412 (base 6) to base 15
198
1803 (base 10) to base 3
2110210
What is -2330031 (base 5) in base 16?
-a614
What is 55254 (base 10) in base 13?
1c1c4
-4b07 (base 12) to base 8
-20467
1646 (base 7) to base 4
22133
16baa (base 14) to base 5
3312221
4312 (base 5) to base 12
406
What is -28a (base 14) in base 11?
-428
Convert 2c7 (base 13) to base 14.
27b
Convert -3468 (base 12) to base 2.
-1011011010000
What is -112 (base 16) in base 12?
-1aa
What is -555222 (base 6) in base 9?
-70735
2155 (base 7) to base 3
1001201
What is -156 (base 13) in base 10?
-240
What is -10143 (base 5) in base 7?
-1651
What is 1b6 (base 16) in base 11?
369
-75421 (base 9) to base 5
-3044130
What is 110000100001 (base 2) in base 3?
11021000
What is 42a (base 15) in base 12?
664
Convert 30022010 (base 4) to base 11.
3445a
Convert 22235 (base 7) to base 3.
21200212
350 (base 6) to base 2
10001010
-880 (base 9) to base 14
-396
What is -21685 (base 13) in base 7?
-341134
Convert -21 (base 10) to base 4.
-111
Convert 4202 (base 9) to base 8.
6010
What is -1033310 (base 5) in base 9?
-26560
224 (base 10) to base 15
ee
What is -31033 (base 4) in base 6?
-3531
1adb (base 15) to base 12
345b
Convert -3a7 (base 13) to base 12.
-458
What is 67a (base 14) in base 5?
20114
-1a10 (base 12) to base 6
-22420
204223 (base 8) to base 7
401316
What is -31113 (base 4) in base 13?
-50a
What is -42211 (base 5) in base 10?
-2806
Convert -482 (base 13) to base 15.
-372
-16cd9 (base 14) to base 13
-201a2
What is -1eed (base 15) in base 5?
-203443
Convert 4279 (base 11) to base 6.
42100
Convert 50240 (base 7) to base 9.
17568
What is -2aa8 (base 11) in base 7?
-14430
What is -21600 (base 13) in base 5?
-3412313
-d (base 14) to base 15
-d
What is 659 (base 12) in base 16?
3a5
10100001001 (base 2) to base 15
5ae
Convert -301 (base 11) to base 14.
-1c0
320 (base 10) to base 8
500
-145a9 (base 12) to base 2
-110111101010001
-103646 (base 8) to base 4
-20132212
-564 (base 7) to base 15
-146
20460 (base 11) to base 6
350040
Convert 2076 (base 11) to base 8.
5271
What is 1223 (base 5) in base 8?
274
Convert 91ab (base 14) to base 15.
7648
Convert 2290 (base 16) to base 9.
13121
Convert 5955 (base 15) to base 14.
6cba
Convert -23841 (base 11) to base 9.
-52027
What is -360 (base 14) in base 7?
-1650
What is -226b (base 13) in base 12?
-2959
What is 1324 (base 8) in base 5?
10344
Convert -9757 (base 10) to base 9.
-14341
Convert -3540 (base 6) to base 12.
-5b0
Convert 34457 (base 8) to base 16.
392f
-11011012 (base 3) to base 4
-233111
-54 (base 7) to base 15
-29
368 (base 9) to base 14
17b
What is 743 (base 12) in base 2?
10000100011
What is 1350 (base 7) in base 11?
438
What is -562 (base 7) in base 8?
-441
-337a (base 16) to base 5
-410203
Convert 3288 (base 11) to base 7.
15425
Convert -602 (base 7) to base 9.
-358
1234 (base 14) to base 8
6156
Convert 116615 (base 9) to base 3.
10120200112
40ca (base 15) to base 10
13690
What is 2024 (base 6) in base 7?
1210
What is -10010110011110 (base 2) in base 3?
-111012200
What is 898 (base 15) in base 7?
5444
-76533 (base 8) to base 9
-48016
30102 (base 4) to base 6
3350
What is 3131 (base 5) in base 10?
416
What is -1605 (base 7) in base 15?
-2cc
436 (base 10) to base 8
664
10587 (base 15) to base 9
78141
Convert 6016 (base 11) to base 10.
8003
173 (base 11) to base 2
11001001
637b (base 14) to base 8
41411
Convert -11001231 (base 4) to base 10.
-20589
4e9 (base 15) to base 12
793
Convert -1010100110011 (base 2) to base 4.
-1110303
What is 211203 (base 5) in base 16?
1b8d
-4460 (base 9) to base 4
-303132
Convert -2414 (base 7) to base 10.
-893
What is -46614 (base 11) in base 13?
-24823
Convert 26416 (base 10) to base 15.
7c61
234 (base 12) to base 5
2303
Convert -11000101011 (base 2) to base 4.
-120223
What is 342 (base 8) in base 14?
122
What is -6437 (base 12) in base 3?
-120001221
-30c1 (base 13) to base 5
-203443
What is -352 (base 8) in base 4?
-3222
-458 (base 9) to base 3
-111222
Convert a0d (base 15) to base 13.
1051
15b1 (base 12) to base 3
10112121
Convert 111001110 (base 2) to base 5.
3322
200012 (base 3) to base 13
2ba
What is 596 (base 11) in base 16?
2c6
Convert b0c4 (base 13) to base 8.
57407
-1220112 (base 3) to base 6
-10235
Convert -14556 (base 8) to base 2.
-1100101101110
Convert 262 (base 16) to base 3.
211121
-141320 (base 5) to base 6
-43003
What is -10133 (base 4) in base 14?
-167
What is -970 (base 10) in base 12?
-68a
Convert 36443 (base 9) to base 13.
b166
212201100 (base 3) to base 6
212013
What is -75c (base 15) in base 11?
-1281
Convert 2451 (base 6) to base 3.
211111
Convert 86 (base 12) to base 8.
146
Convert 9421 (base 13) to base 12.
ba24
Convert 1122 (base 5) to base 14.
b8
What is -10143 (base 6) in base 14?
-6d1
Convert 10022 (base 3) to base 7.
155
-300220 (base 4) to base 5
-44422
What is 6539 (base 10) in base 12?
394b
Convert -d37 (base 14) to base 10.
-2597
Convert -460 (base 15) to base 4.
-33132
Convert 32251 (base 9) to base 5.
1140344
What is 2011020012 (base 3) in base 4?
22113101
What is -65 (base 12) in base 3?
-2212
Convert 2120 (base 4) to base 12.
108
-49b (base 12) to base 14
-379
915 (base 10) to base 6
4123
What is 2a0 (base 12) in base 10?
408
What is 11101110010110 (base 2) in base 9?
22828
What is 45 (base 14) in base 9?
67
What is 2387 (base 9) in base 3?
2102221
What is -1922 (base 13) in base 9?
-5122
1102212021 (base 3) to base 6
335054
What is 1011001110101 (base 2) in base 16?
1675
Convert 1 (base 13) to base 4.
1
What is -3450 (base 11) in base 15?
-1522
Convert 3321020 (base 4) to base 7.
64325
What is 31424 (base 6) in base 11?
3227
2a44 (base 15) to base 9
13381
Convert -2946 (base 11) to base 10.
-3801
Convert -15367 (base 9) to base 3.
-112102021
What is -1011111101 (base 2) in base 10?
-765
Convert 7dc (base 15) to base 14.
914
What is 190 (base 14) in base 10?
322
What is -695 (base 12) in base 3?
-1100012
7d22 (base 15) to base 12
13472
Convert 3004 (base 5) to base 12.
277
What is -19c0 (base 15) in base 11?
-4213
-e4 (base 15) to base 3
-21221
121020 (base 3) to base 9
536
212001212 (base 3) to base 10
16817
What is -783 (base 11) in base 10?
-938
Convert 5a25 (base 11) to base 9.
11738
What is -1cb (base 13) in base 12?
-240
What is 967 (base 10) in base 12?
687
What is 4133 (base 10) in base 7?
15023
Convert -340 (base 6) to base 9.
-156
267 (base 8) to base 11
157
-120220022 (base 3) to base 